521
List the prime factors of 571744.
2, 17, 1051
What are the prime factors of 121440?
2, 3, 5, 11, 23
What are the prime factors of 376384?
2, 5881
List the prime factors of 2352604.
2, 588151
What are the prime factors of 8385275?
5, 335411
List the prime factors of 5814947.
61, 95327
List the prime factors of 598558.
2, 107, 2797
What are the prime factors of 3416670?
2, 3, 5, 37963
What are the prime factors of 272285?
5, 13, 59, 71
List the prime factors of 25173935.
5, 5034787
List the prime factors of 1064660.
2, 5, 53233
What are the prime factors of 17351922?
2, 3, 7, 413141
What are the prime factors of 187435?
5, 19, 1973
List the prime factors of 369911.
19, 19469
What are the prime factors of 1442426?
2, 721213
List the prime factors of 1711348.
2, 29, 14753
List the prime factors of 6042104.
2, 691, 1093
List the prime factors of 364924.
2, 7, 13033
What are the prime factors of 976586?
2, 13, 37561
What are the prime factors of 4966390?
2, 5, 11, 13, 23, 151
What are the prime factors of 32854?
2, 16427
What are the prime factors of 1068133?
11, 97103
List the prime factors of 5143902.
2, 3, 661, 1297
List the prime factors of 3873648.
2, 3, 80701
List the prime factors of 1488834.
2, 3, 79, 349
What are the prime factors of 5627762?
2, 7, 19, 21157
List the prime factors of 429587.
429587
List the prime factors of 1627741.
29, 37, 41
List the prime factors of 207625.
5, 11, 151
List the prime factors of 6817504.
2, 19, 11213
What are the prime factors of 10834?
2, 5417
What are the prime factors of 42961195?
5, 31, 277169
List the prime factors of 101756.
2, 25439
List the prime factors of 163401.
3, 7, 31, 251
What are the prime factors of 4540404?
2, 3, 11, 53, 59
What are the prime factors of 149479?
11, 107, 127
List the prime factors of 4128413.
41, 100693
List the prime factors of 2196375.
3, 5, 5857
List the prime factors of 281292.
2, 3, 11, 2131
What are the prime factors of 6925020?
2, 3, 5, 211, 547
What are the prime factors of 294189?
3, 7, 14009
List the prime factors of 8613310.
2, 5, 829, 1039
What are the prime factors of 284097?
3, 11, 8609
What are the prime factors of 1681597?
1681597
What are the prime factors of 15467706?
2, 3, 107, 2677
List the prime factors of 1582717.
17, 157, 593
List the prime factors of 844673.
37, 617
What are the prime factors of 84858?
2, 3, 14143
List the prime factors of 7908401.
101, 78301
List the prime factors of 16957168.
2, 1059823
List the prime factors of 7954267.
281, 28307
List the prime factors of 1126772.
2, 43, 6551
What are the prime factors of 387275?
5, 7, 2213
List the prime factors of 479415.
3, 5, 31, 1031
List the prime factors of 4832835.
3, 5, 7, 46027
What are the prime factors of 1056050?
2, 5, 21121
What are the prime factors of 12290461?
29, 227, 1867
List the prime factors of 453219.
3, 13, 11621
What are the prime factors of 18062101?
18062101
What are the prime factors of 1041236?
2, 7, 41, 907
What are the prime factors of 868769?
11, 78979
What are the prime factors of 122431?
191, 641
List the prime factors of 6578372.
2, 1644593
List the prime factors of 19005944.
2, 2375743
What are the prime factors of 11339061?
3, 3779687
List the prime factors of 543432.
2, 3, 22643
List the prime factors of 4559759.
31, 147089
List the prime factors of 5456031.
3, 7, 17, 29, 31
List the prime factors of 230622.
2, 3, 7, 17, 19
List the prime factors of 1627710.
2, 3, 5, 7, 23, 337
What are the prime factors of 3646129?
3646129
List the prime factors of 8507532.
2, 3, 11, 64451
List the prime factors of 1821002.
2, 23, 31, 1277
What are the prime factors of 117867?
3, 101, 389
What are the prime factors of 4085580?
2, 3, 5, 149, 457
List the prime factors of 38705.
5, 7741
What are the prime factors of 22287563?
157, 141959
What are the prime factors of 1893356?
2, 31, 15269
What are the prime factors of 1173314?
2, 53, 11069
What are the prime factors of 279500?
2, 5, 13, 43
What are the prime factors of 1821738?
2, 3, 23, 43, 307
List the prime factors of 253032.
2, 3, 13, 811
List the prime factors of 27415.
5, 5483
List the prime factors of 4170167.
151, 27617
What are the prime factors of 87876?
2, 3, 2441
What are the prime factors of 13404625?
5, 13, 73, 113
What are the prime factors of 3070416?
2, 3, 47, 1361
What are the prime factors of 2116274?
2, 283, 3739
List the prime factors of 55051.
55051
List the prime factors of 502322.
2, 19, 13219
What are the prime factors of 167201?
61, 2741
What are the prime factors of 648032?
2, 7, 11, 263
List the prime factors of 1029436.
2, 61, 4219
List the prime factors of 4485913.
967, 4639
List the prime factors of 3858029.
7, 53, 10399
List the prime factors of 12447942.
2, 3, 13, 159589
What are the prime factors of 971754?
2, 3, 7, 17, 1361
What are the prime factors of 21908991?
3, 13, 79, 547
What are the prime factors of 217603?
23, 9461
What are the prime factors of 92387?
92387
What are the prime factors of 18474749?
18474749
What are the prime factors of 39468454?
2, 19734227
List the prime factors of 1261408.
2, 39419
List the prime factors of 838498.
2, 419249
List the prime factors of 22117023.
3, 819149
List the prime factors of 574767.
3, 63863
List the prime factors of 10947483.
3, 1216387
What are the prime factors of 37642610?
2, 5, 19, 67, 2957
List the prime factors of 2277631.
29, 78539
What are the prime factors of 494041?
494041
What are the prime factors of 2298614?
2, 1149307
List the prime factors of 83631.
3, 61, 457
What are the prime factors of 1176879?
3, 11, 19, 1877
List the prime factors of 608877.
3, 7517
What are the prime factors of 2986654?
2, 11, 135757
List the prime factors of 594399.
3, 13, 15241
What are the prime factors of 2560381?
29, 88289
List the prime factors of 10608520.
2, 5, 13, 23, 887
What are the prime factors of 1618736?
2, 7, 97, 149
List the prime factors of 1169930.
2, 5, 116993
List the prime factors of 15033863.
13, 1156451
List the prime factors of 409816.
2, 11, 4657
What are the prime factors of 208515?
3, 5, 13901
List the prime factors of 91935.
3, 5, 227
What are the prime factors of 26837130?
2, 3, 5, 271, 3301
List the prime factors of 744802.
2, 372401
List the prime factors of 1297482.
2, 3, 43, 47, 107
What are the prime factors of 5303137?
7, 283, 2677
What are the prime factors of 12117802?
2, 6058901
List the prime factors of 19836078.
2, 3, 3306013
List the prime factors of 3283805.
5, 7, 17, 5519
List the prime factors of 2649826.
2, 1324913
What are the prime factors of 5342502?
2, 3, 11, 61, 1327
What are the prime factors of 820012?
2, 17, 31, 389
What are the prime factors of 1661056?
2, 19, 683
What are the prime factors of 564293?
31, 109, 167
List the prime factors of 6683990.
2, 5, 83, 8053
What are the prime factors of 5686507?
5686507
List the prime factors of 99168.
2, 3, 1033
List the prime factors of 626861.
626861
List the prime factors of 690753.
3, 7, 37, 127
List the prime factors of 210191.
210191
List the prime factors of 3070166.
2, 11, 17, 8209
What are the prime factors of 11039?
7, 19, 83
What are the prime factors of 217333?
217333
What are the prime factors of 719436?
2, 3, 167, 359
What are the prime factors of 641676?
2, 3, 7, 7639
List the prime factors of 907557.
3, 7, 23, 1879
What are the prime factors of 1954892?
2, 488723
What are the prime factors of 2349727?
2349727
What are the prime factors of 10628479?
10628479
List the prime factors of 9514422.
2, 3, 19577
List the prime factors of 11353953.
3, 13, 277, 1051
What are the prime factors of 53693?
53693
List the prime factors of 13824038.
2, 6912019
What are the prime factors of 137342?
2, 43, 1597
List the prime factors of 10699803.
3, 139, 2851
List the prime factors of 27117.
3, 23, 131
What are the prime factors of 19237134?
2, 3, 7, 458027
What are the prime factors of 325179?
3, 36131
List the prime factors of 224317.
224317
What are the prime factors of 251522?
2, 19, 6619
List the prime factors of 403601.
11, 36691
List the prime factors of 4691780.
2, 5, 234589
List the prime factors of 17976145.
5, 11, 211, 1549
List the prime factors of 13949206.
2, 139, 50177
What are the prime factors of 313106?
2, 17, 9209
What are the prime fac